. List the prime factors of m(8).
1117
Let o be (-26)/(-4) - (-15)/(-10). Let z = 354 + -222. Suppose 323 + z = o*t. List the prime factors of t.
7, 13
Suppose 5*z - z - 784 = 0. Suppose -201*h + 1800 = -z*h. Suppose 3*w = 2*y - 5*y + h, -3*y - w + 350 = 0. List the prime factors of y.
5, 23
Let u = 29200 + -15950. List the prime factors of u.
2, 5, 53
Let k = -70824 + 103335. List the prime factors of k.
3, 10837
Suppose z - 4 = 0, 6*z - 4*z = 3*i - 3586. What are the prime factors of i?
2, 599
Suppose 2*k + 11 + 1 = 0. What are the prime factors of (-1492)/k + (-22)/33?
2, 31
Suppose 2*c = 3*w - 6*w + 4457, 4*c - 8911 = -3*w. Let q = -1489 + c. What are the prime factors of q?
2, 3, 41
Suppose -1470*q - 32347 = -1471*q. List the prime factors of q.
7, 4621
Let l(p) = 9*p**2 + 2*p + 7. Suppose 0 = 33*o + 51 + 114. List the prime factors of l(o).
2, 3, 37
Suppose -6*d = -10*d + 4, f - 2*d = 477. Suppose 2*j - 130 = 5*x + 182, -2*x = -3*j + f. What are the prime factors of j?
7, 23
Let f be (6/(-1))/(4/(-18)). List the prime factors of (62 - 0) + (32 - f).
67
What are the prime factors of (13 + 37160)*14/21*(0 - -1)?
2, 12391
Suppose 5*l - 49 = -5*c + 2*c, 3*l = -2*c + 31. Let f be (-4994)/c - ((-5)/20 - 0). List the prime factors of (3/6)/(1870/f + 3).
2, 3, 13
Let i = -20 - -27. Let q = -27 + i. Let d = q + 45. List the prime factors of d.
5
Let h = -68 + 131. Suppose 0 = s + 57 - h. List the prime factors of s.
2, 3
Let q(m) = -m**3 + 85*m**2 + 76*m - 1173. What are the prime factors of q(85)?
17, 311
Let l(p) = p - 3. Let r be l(-7). Let t be -6*((-24)/r)/((-14)/(-35)). Let d = -15 - t. List the prime factors of d.
3, 7
Suppose -2*h - 17*j + 115792 = -15*j, 0 = -5*h + j + 289462. List the prime factors of h.
11, 19, 277
Let y = 10996 + -5505. What are the prime factors of y?
17, 19
Suppose -7*g = -11 - 73. Suppose g*t - 1065 = -393. List the prime factors of t.
2, 7
Suppose -3*o + 4*b = -21, 3*o + 11*b = 7*b - 3. Suppose -o*k = 2*k - 25, -t = -2*k - 90. What are the prime factors of t?
2, 5
Let m(w) = -22*w - 78. Let g be m(9). Let l = 309 + g. What are the prime factors of l?
3, 11
Let m = 16302 + -16299. Let g(u) = 45*u**2 + 3*u - 18*u**2 + 4*u - 10. What are the prime factors of g(m)?
2, 127
What are the prime factors of ((-40)/(-140) + (-272676)/(-56))*(-4)/(-2)?
9739
Suppose -3*d = -17 - 13. Suppose 20 = -b + d. List the prime factors of 1 + (24/b)/((-6)/20).
3
Let q = 2343 + -4179. Let v = q + 3521. What are the prime factors of v?
5, 337
Let q = -243 + 249. Let y = 502 - q. List the prime factors of y.
2, 31
Suppose -1105423 = -199*c + 8711844. What are the prime factors of c?
49333
Suppose 17*l = 558 - 133. Suppose -l*t = 45*t - 23240. What are the prime factors of t?
2, 83
Suppose 3*u + 3 + 4 = v, -2*v - 3*u = 22. Let z be -2 - (0 - v)*-28. Suppose -11*a + z = -5*a. What are the prime factors of a?
23
Let r = 11374 + -6415. Suppose 22*s = -1637 + r. Let h = 8 + s. What are the prime factors of h?
3, 53
Suppose -f - 5 = -95. Suppose -4*k + 586 = v, -4*v + f*k - 95*k = -2399. List the prime factors of v.
2, 3, 101
Let d(k) = 263*k**2 + 110*k - 171. What are the prime factors of d(-7)?
2, 3, 11, 181
Let z(c) = 34*c - 121. Suppose -338 = -4*m - 270. What are the prime factors of z(m)?
457
Let k = 46 + -36. Let d be -4*57/30*-15. Suppose o + k = d. List the prime factors of o.
2, 13
Let z(w) = -7514*w + 12773. What are the prime factors of z(-6)?
47, 1231
Let s(x) be the third derivative of x**5/30 + 5*x**4/6 - 9*x**3/2 - 30*x**2. What are the prime factors of s(-23)?
571
Let c = 3489 + -2359. List the prime factors of c.
2, 5, 113
Let m = 28 + -28. Suppose -2*s + 160 = -2*v, 4*s = 2*v - m*v + 166. Let w = v - -169. What are the prime factors of w?
2, 23
Let h = -321 + 337. Suppose 4*w = h, 2*x = 3*w + 468 + 182. What are the prime factors of x?
331
Suppose -154*q = -2152005 - 4175547. What are the prime factors of q?
2, 3, 107
Suppose 0 = 62*n - 15*n - 254317. What are the prime factors of n?
7, 773
Let s = 65 + -61. Suppose -s*d - 24 = -4*o, -o - 6*d + 2*d = 4. Suppose 2*m + 213 - 9 = 2*j, o*m + 511 = 5*j. List the prime factors of j.
103
Suppose d = 3, -4*x - 5*d = -x + 447. Let w = 292 + x. Suppose 0 = -p + 3*i + w, 4*p = -4*i + 884 - 316. List the prime factors of p.
3, 47
Let g = -20860 - -34241. List the prime factors of g.
13381
Let q = -99 + 104. Suppose 1748 = 4*l + q*m, -l + 5*m = m - 458. List the prime factors of l.
2, 13, 17
Suppose -14*y - 560 = 21*y. Let l(k) = 4*k + 133. List the prime factors of l(y).
3, 23
Suppose 0 = -13*b + 25*b - 6756. Suppose 4*s - b = -c, -2*c + 2*s = -5*c + 1639. What are the prime factors of c?
3, 181
Let w = 593 - 590. List the prime factors of w/((63/(-2807))/(-9)).
3, 401
Let d be (-203)/28 + -1 + 10/8. Let w(s) = 3*s + 21. Let q be w(d). Suppose a - 2*f - 97 - 5 = q, 306 = 3*a + 3*f. What are the prime factors of a?
2, 3, 17
Suppose c + 3*x - 178 = 0, 2*c - 4*x = -9*x + 357. Let a = c + -254. Let l = a + 141. What are the prime factors of l?
2, 17
Suppose 2*l = -3*d + 1189, 2*d - 455 - 331 = 2*l. Let x = d + 245. List the prime factors of x.
2, 5
Let s(q) = -1389*q - 1349. What are the prime factors of s(-7)?
2, 53, 79
Suppose 20*n - 9*n - 11 = 0. Let m(i) = 4*i**3 + 2*i**2 - 3*i + 2. Let h be m(n). Let g(k) = k**2 - 6*k + 22. List the prime factors of g(h).
17
Suppose -22*z = -2*h - 18*z + 92194, -3*h = -2*z - 138259. List the prime factors of h.
7, 29, 227
Let n(p) = p + 1. Let r be n(-1). Suppose 4*i + 493 = 2*m + 63, i + 4 = r. Let y = -68 + m. What are the prime factors of y?
139
Suppose -154*z - 61626 + 643753 + 235613 = 0. What are the prime factors of z?
2, 3, 5, 59
Let t(h) = -h**2 - 3*h - 1. Let o be t(2). Let u(q) = 2*q**2 + 7*q + 5. Let f be u(o). Let v = f - 86. List the prime factors of v.
2, 3, 7
Let h = 8215 - 1269. List the prime factors of h.
2, 23, 151
Suppose 0 = -2*u - 5*c + 87349, -4*c - 67 + 87 = 0. What are the prime factors of u?
2, 3, 19, 383
Let u(h) = 86*h**2 + 124*h - 2399. List the prime factors of u(22).
41953
Let g = -166 + 170. Suppose -g*x = -1620 - 3028. What are the prime factors of x?
2, 7, 83
Let k(v) = 217*v + 1. Let g be -1 + 2 - (8 + -8)/4. List the prime factors of k(g).
2, 109
Let h be (-3176)/(-30) + ((-301)/105 - -3). Let d = 457 + -308. Let s = d - h. What are the prime factors of s?
43
What are the prime factors of 236/(-6372) - 1722764/(-54)?
61, 523
Suppose 16*h - 6 = 13*h. Let n be 665/10 + (-3)/(-7 + 1). Suppose -2*p + n = k - 7*p, h*k - 3*p = 127. What are the prime factors of k?
2, 31
Let a be (-18)/12*(-174)/(-9). Let w = a + 33. Suppose 7*j - 54 = w*j. What are the prime factors of j?
2, 3
Let k(q) = 338*q**2 - 137*q - 1228. List the prime factors of k(-10).
2, 3, 5657
Suppose -3*n - 15 = 4*k, -3*k - 4*n = -2*k - 6. What are the prime factors of 9/(-6)*(16304/k)/4?
1019
Let r(p) be the second derivative of -p**5/20 - 3*p**4/4 + p**3 + 21*p**2/2 + 2*p - 11. List the prime factors of r(-10).
61
Let n(o) = 1272*o - 3591. What are the prime factors of n(7)?
3, 7, 11, 23
What are the prime factors of (406/(-28) + 13)/((-3)/138436)?
2, 53, 653
What are the prime factors of (-4 - 11670/(-12))/((-1)/(-2))?
13, 149
Suppose -86*h + 90*h = 64. Suppose h*p = 3559 + 1097. List the prime factors of p.
3, 97
Suppose -g + 88 = 3*p, 0 = -g + 12*p - 13*p + 94. List the prime factors of (g/4*-6)/(12/(-16)).
2, 97
Suppose -15 = -0*f - 3*f. Let q(h) = 9*h - 42. What are the prime factors of q(f)?
3
Suppose 5*c - 221 = -h + 109, 4*h - 3*c = 1251. Suppose 7*v - h = 665. List the prime factors of v.
2, 5, 7
Let a(g) = 160*g**2 + 5*g - 18. Let m be (175/14)/(-25) + 5/2. What are the prime factors of a(m)?
2, 79
Let s(k) = -13*k**3 + 3*k**2 - 9*k - 17. Let i be s(-3). Let j be (20/15)/((-2)/(-6)). Suppose 0 = j*n - 356 - i. What are the prime factors of n?
2, 3, 31
Let r be (1 + 2/(-4))*-2. Let o(h) = -24*h**2 + 3*h + 1. Let c be o(r). Let j = c + 78. What are the prime factors of j?
2, 13
Let h = 57 + -42. Let q = h - 11. Suppose 3*l - 2*f - 246 = 0, -q*l + f + 77 + 251 = 0. What are the prime factors of l?
2, 41
Suppose 12*m = 8*m - 4, 4*w - 15906 = -2*m. Let c = -2590 + w. What are the prime factors of c?
19, 73
Let u(k) = -45*k**3 + 18*k**2 - 35*k - 249